Calculate the remainder when 1428687 is divided by 910.
897
Calculate the remainder when 23029 is divided by 4638.
4477
Calculate the remainder when 2494860 is divided by 498970.
10
Calculate the remainder when 3107722 is divided by 163564.
6
What is the remainder when 2891629 is divided by 1069?
1053
Calculate the remainder when 29349 is divided by 8878.
2715
What is the remainder when 1529413 is divided by 73?
63
Calculate the remainder when 411600 is divided by 1816.
1184
Calculate the remainder when 97619 is divided by 6442.
989
Calculate the remainder when 739167 is divided by 706.
691
What is the remainder when 17903597 is divided by 4475869?
121
What is the remainder when 87106 is divided by 17012?
2046
What is the remainder when 799063580 is divided by 19?
17
Calculate the remainder when 11001255 is divided by 92.
79
What is the remainder when 2611266 is divided by 9780?
6
Calculate the remainder when 24730 is divided by 24702.
28
Calculate the remainder when 4462128 is divided by 917.
6
Calculate the remainder when 71196 is divided by 5372.
1360
Calculate the remainder when 1541205645 is divided by 4776.
4773
Calculate the remainder when 613962 is divided by 2177.
48
What is the remainder when 228837 is divided by 2080?
37
What is the remainder when 4565070 is divided by 185?
10
Calculate the remainder when 28459188 is divided by 895.
873
What is the remainder when 390284508 is divided by 2590?
2588
Calculate the remainder when 996519 is divided by 4983.
4902
Calculate the remainder when 3528031 is divided by 130663.
130
Calculate the remainder when 4925324 is divided by 338.
326
Calculate the remainder when 25336089 is divided by 1196.
25
Calculate the remainder when 3838554 is divided by 319872.
90
Calculate the remainder when 102911 is divided by 50011.
2889
What is the remainder when 177256 is divided by 51?
31
What is the remainder when 1098407 is divided by 4465?
17
Calculate the remainder when 44130570 is divided by 130.
120
Calculate the remainder when 463293 is divided by 33018.
1041
What is the remainder when 235220 is divided by 16791?
146
What is the remainder when 5707727 is divided by 785?
777
Calculate the remainder when 1100454065 is divided by 7364.
7361
What is the remainder when 42726403 is divided by 249?
244
Calculate the remainder when 156678036 is divided by 1576.
1572
Calculate the remainder when 1320249 is divided by 37.
15
What is the remainder when 13676839 is divided by 307?
296
Calculate the remainder when 205080 is divided by 3062.
2988
What is the remainder when 5990039 is divided by 2506?
699
What is the remainder when 52642844 is divided by 8259?
8237
What is the remainder when 11481249 is divided by 57986?
21
Calculate the remainder when 2387098 is divided by 4364.
4354
What is the remainder when 11332667 is divided by 263?
260
What is the remainder when 1525245 is divided by 1525207?
38
Calculate the remainder when 612002 is divided by 611970.
32
Calculate the remainder when 535362 is divided by 1865.
107
What is the remainder when 38297392 is divided by 123?
112
Calculate the remainder when 9159734 is divided by 47.
45
Calculate the remainder when 19282184 is divided by 6427392.
8
What is the remainder when 3400355 is divided by 212522?
3
Calculate the remainder when 17182330 is divided by 5.
0
Calculate the remainder when 21911021 is divided by 1435.
6
Calculate the remainder when 40288655 is divided by 1124.
1123
What is the remainder when 2466782 is divided by 3534?
50
What is the remainder when 2172261 is divided by 361613?
2583
What is the remainder when 36944 is divided by 4307?
2488
What is the remainder when 3350981 is divided by 90?
11
What is the remainder when 2820023 is divided by 1403?
1396
Calculate the remainder when 95062 is divided by 23665.
402
What is the remainder when 229019 is divided by 2383?
251
What is the remainder when 62839 is divided by 223?
176
What is the remainder when 3680442 is divided by 216495?
27
What is the remainder when 1622541 is divided by 24217?
2
Calculate the remainder when 353586199 is divided by 1672.
1671
Calculate the remainder when 260678 is divided by 37202.
264
Calculate the remainder when 5466079 is divided by 8.
7
What is the remainder when 89253217 is divided by 1660?
1657
What is the remainder when 2669922 is divided by 4218?
4146
What is the remainder when 2682722 is divided by 642?
446
What is the remainder when 28801586 is divided by 543426?
8
Calculate the remainder when 1470940 is divided by 3276.
16
What is the remainder when 230837 is divided by 205?
7
Calculate the remainder when 933608 is divided by 1688.
144
Calculate the remainder when 36402680 is divided by 199.
8
Calculate the remainder when 2537140 is divided by 3031.
193
What is the remainder when 281409 is divided by 2024?
73
What is the remainder when 170126 is divided by 116?
70
Calculate the remainder when 771876 is divided by 1389.
981
Calculate the remainder when 5969633 is divided by 937.
6
Calculate the remainder when 1636411 is divided by 6.
1
What is the remainder when 176381 is divided by 209?
194
What is the remainder when 892967 is divided by 784?
775
Calculate the remainder when 1026624 is divided by 1640.
1624
Calculate the remainder when 6176590 is divided by 102.
82
Calculate the remainder when 13905637 is divided by 83.
66
What is the remainder when 34076 is divided by 5581?
590
What is the remainder when 2450432 is divided by 612606?
8
Calculate the remainder when 40425361 is divided by 99.
97
What is the remainder when 3504579 is divided by 600?
579
What is the remainder when 8337111 is divided by 27?
24
Calculate the remainder when 343622 is divided by 85823.
330
Calculate the remainder when 1497088 is divided by 6.
4
Calculate the remainder when 54515 is divided by 3597.
560
What is the remainder when 329357 is divided by 710?
627
Calculate the remainder when 89938650 is divided by 49444.
14
Calculate the remainder when 81093 is divided by 115.
18
What is the remainder when 1199329 is divided by 399753?
70
What is the remainder when 11212438 is divided by 1044?
922
Calculate the remainder when 464816 is divided by 15480.
416
Calculate the remainder when 118583610 is divided by 264106.
16
Calculate the remainder when 198966 is divided by 99472.
22
Calculate the remainder when 1084506 is divided by 176.
170
Calculate the remainder when 179023 is divided by 56209.
10396
What is the remainder when 15112 is divided by 967?
607
Calculate the remainder when 1394207 is divided by 7376.
143
What is the remainder when 8097429 is divided by 8097396?
33
What is the remainder when 513577 is divided by 581?
554
Calculate the remainder when 33254724 is divided by 6172.
6160
Calculate the remainder when 79888536 is divided by 1471.
1468
Calculate the remainder when 135597 is divided by 134767.
830
What is the remainder when 27396035 is divided by 79?
20
What is the remainder when 50596 is divided by 5595?
241
Calculate the remainder when 1111136058 is divided by 21.
18
What is the remainder when 24500159 is divided by 470?
469
What is the remainder when 750509 is divided by 942?
677
What is the remainder when 3849779 is divided by 836?
835
What is the remainder when 275478 is divided by 12171?
7716
Calculate the remainder when 16702427 is divided by 194.
191
Calculate the remainder when 1175629 is divided by 106844.
345
What is the remainder when 5204803 is divided by 2602396?
11
What is the remainder when 17639262 is divided by 20801?
14
What is the remainder when 1552080 is divided by 5856?
240
Calculate the remainder when 104934526 is divided by 4698.
4696
Calculate the remainder when 3591381 is divided by 2501.
2446
Calculate the remainder when 289530 is divided by 36186.
42
Calculate the remainder when 856040 is divided by 427936.
168
Calculate the remainder when 10465 is divided by 313.
136
What is the remainder when 49110 is divided by 49059?
51
What is the remainder when 41034607 is divided by 847?
845
What is the remainder when 14673258 is divided by 163?
161
What is the remainder when 4413089 is divided by 142357?
22
Calculate the remainder when 89517 is divided by 359.
126
Calculate the remainder when 372340 is divided by 265.
15
What is the remainder when 3